+ 2 = 4*u. Let f(o) = -63 - 64 + 6*o + 5*o**2 - 58 - 66 + 257 - o**3. Calculate f(m).
6
Suppose -203 = -5*r + 252. Let y(t) = 183*t + t**3 - 84*t - 2*t**2 - 7*t**2 + 9 - r*t. Calculate y(8).
9
Suppose 3*q - 2 = -3*q + 22. Let c(x) = 5*x**2 - 7*x + 4. Determine c(q).
56
Suppose 0 = -3*g + 3*x + 81, g - 159 = -4*g - 3*x. Suppose -6*w + w = -g. Let y(j) = 0*j**2 + 35 - j**2 - j - 36 + w*j**3. What is y(-1)?
-7
Let j(t) = 21*t + 70. Let a be j(-3). Let r(x) = -12 + 2*x + a + 5*x - 3*x. Calculate r(-2).
-13
Suppose -11 = -11*h + 88. Suppose 0 = -3*u - 15, i + h - 5 = -2*u. Let c(t) = t**2 - 9*t. Calculate c(i).
-18
Let k(o) be the first derivative of o**5/20 + 3*o**4/2 - 19*o**3/6 - 9*o**2/2 - 157*o + 48. Let i(j) be the first derivative of k(j). Give i(-19).
-9
Suppose -87*o = -86*o + 4*b + 8, -3*b = -o + 6. Suppose -4*x = 3*v - 4*v - 35, 2*x + v - 13 = o. Let t(a) = -2*a + 7. Determine t(x).
-9
Let b(q) = -42*q + 252. Let h be b(6). Let y(x) = -x**2 + x + 62. Determine y(h).
62
Let g(u) be the third derivative of -u**6/120 - 4*u**5/15 + u**4/12 + 17*u**3/3 - 393*u**2 + 2*u - 2. Calculate g(-16).
2
Let t be ((-92625)/(-234))/95 - 1/(-3). Let y(q) be the second derivative of -12*q - t*q**2 + 0 - 1/6*q**3. Determine y(0).
-9
Let w(f) = -8 + 7 - f**2 + 8*f**2. Let i(q) = -16*q + 161. Let n be i(10). Calculate w(n).
6
Let t(c) = -c**3 + 5*c**2 + c + 5. Let d be (-1)/7 + (-7)/(-49). Suppose -x + 6 - 2 = d. Suppose -x*n = n - 25. Determine t(n).
10
Let h(g) = -g**2 - 9*g - 1. Suppose 0 = -8*r - 589 + 5629. Let n = -639 + r. What is h(n)?
-1
Let z(h) be the third derivative of h**5/60 + 7*h**4/24 + h**3/2 - h**2. Suppose 1487 = 75*f + 1937. Calculate z(f).
-3
Let v = -3713 - -3720. Let n(x) = x**3 - 6*x**2 - 5. Give n(v).
44
Let i(w) = 1 + 1 - 1. Suppose -j + 2 = 0, 2*x = 5*j - 8*j + 2. Let f(u) = -u**2 + 6*u + 8. Let g(z) = x*i(z) + f(z). Give g(6).
6
Let r(a) = -10*a**2 + a. Let l(g) = g**3 + 28*g + 134. Let x(b) = l(b) - 2*r(b). What is x(-19)?
1
Let v(x) = x**2 + 3*x - 2. Let i be v(-4). Suppose 3*z + 1 = -i. Let s(y) = 15*y**3 - y**2 + 128910*y - 128910*y. What is s(z)?
-16
Let a(d) be the second derivative of d**4/6 + 8*d**3/3 + 23*d**2/2 - 2032*d. Calculate a(-9).
41
Let x(v) be the second derivative of -v**3/6 + 4371*v. Let l be (0 - -1) + 4 + -1. Suppose -1 = -l*p + 11. What is x(p)?
-3
Let g(m) = m**3 + 10*m**2 - 12*m - 7. Let n(d) = -4*d + 34. Let a be n(8). Let k be ((-1 + -1)/a)/((-19)/(-209)). Calculate g(k).
4
Let f be (-5 + 5 + 3)*5. Suppose 30 = -10*b + f*b. Let g(h) = -h**3 + 7*h**2 - 7*h + 1. Give g(b).
-5
Suppose 2*c - 16 = -22. Let x(z) = 647*z + 641*z - 1285*z + 2*z**2 - 2. Calculate x(c).
7
Let c(h) = 799*h**2 + 4*h - 16*h - 790*h**2 + 3*h**3 - 3*h**3 + h**3 - 15. What is c(-10)?
5
Let r(z) = -4*z + 18. Let a(s) = -s + 5. Let q(x) = -22*a(x) + 6*r(x). Let m = 3 + -8. Let i = -7 - m. What is q(i)?
2
Let l(m) = 5*m**3 - 12*m**2 + 3*m - 10. Let t(p) = -p**3 + p**2 - 4. Let f(w) = l(w) + 4*t(w). Determine f(8).
-2
Let y be ((-171)/38)/((-21)/14). Let m(w) = -2*w**2 - w + 4. Let n(a) = 1 + a**2 + 3 - 4. Let l(c) = m(c) + n(c). Calculate l(y).
-8
Let h be 5*(-35)/((-1575)/(-18)). Let j(n) be the third derivative of n**5/60 + n**4/8 - n**3/6 + n**2. What is j(h)?
-3
Let n(l) = l**3 + 8*l**2 + 8*l + 16. Let h = -3173 - -3166. Determine n(h).
9
Let u = -189 - -189. Suppose 3*p + 54 - 57 = u. Let q(m) = 7*m**2 - 1. Calculate q(p).
6
Let s(h) = -5*h. Let k = -90 - -14. Let p = 78 + k. Calculate s(p).
-10
Let h = -60 - -62. Let p(y) = -3*y**3 + y - 2. Let d be (-2)/(-15) + (-3264)/180. Let r(k) = -13*k**3 + 5*k - 9. Let f(u) = d*p(u) + 4*r(u). What is f(h)?
20
Let k(j) = -7*j**2 + 3*j + 4. Suppose 2*i - 55 = -3*s - 49, 0 = -3*s - i. Determine k(s).
-30
Let f be (0 - -13) + (-23 - -13). Let p(n) be the first derivative of -6 - n**2 + 2*n + 2/3*n**f. What is p(2)?
6
Suppose 5 = 3*b + 2. Let u(f) = -6*f + 2. Let l be u(b). Let v be l + (-5)/(-4 + 9). Let i(y) = -y**2 - 8*y - 6. Determine i(v).
9
Suppose 0 = 841*b - 835*b - 66. Suppose -22*f + b = 55. Let w(n) = -2*n**2 - 2*n + 2. What is w(f)?
-2
Let w(d) = -d**3 + 9*d**2 + d + 2. Let i(u) = -u**3 + 12*u**2 + u - 6. Let h(b) = -b**2 + 2. Let n(c) = -4*h(c) - i(c). Let l(x) = 3*n(x) + 2*w(x). Give l(6).
-8
Let r(s) = -s - 3. Let a be (2 + 3 - 0)*1. Let c(z) = -z - 1. Let t(g) = a*c(g) - 2*r(g). Let v be (-6)/(-8) + 435/1740. Calculate t(v).
-2
Let i(h) = h**3 - 5*h**2 + 5*h - 6. Suppose 14*b - 5669 + 881 = 0. Let d = 345 - b. Calculate i(d).
-9
Let p be -2 - (-4 - (-5 + 12)). Let u(b) = -p + 0*b + 0 + b - 4. Calculate u(-10).
-23
Let n(c) be the first derivative of -26*c**4 - c**3/3 - c**2 - c + 5463. Determine n(-1).
104
Suppose 0 = 24*o - 26*o + 16. Let k(j) = -5*j**2 + 4*j + 10. Let p(f) = -6*f**2 + 3*f + 10. Let n(u) = -5*k(u) + 4*p(u). Calculate n(o).
-10
Let o(b) be the second derivative of b**4/24 - 10*b**3/3 - b**2/2 - 2*b + 2. Let h(j) be the first derivative of o(j). Calculate h(0).
-20
Let x(q) = -4*q**2 + 1 - 3*q - 3*q**2 + 2*q**2 - q**3. Let m(t) = -t**2 + 4*t + 85. Let b be m(-7). Suppose 2 = -u + 2*l, 5*l - b = -13. Give x(u).
-3
Let v(m) be the third derivative of 2 - 1/8*m**4 - 28*m**2 - 1/2*m**3 + 0*m. Let q = 8 + -10. What is v(q)?
3
Let l(o) = 7*o**2 + 32*o + 18. Let r(w) = 4*w**2 + 16*w + 8. Let x(u) = -3*l(u) + 5*r(u). Determine x(-15).
1
Let w(s) be the third derivative of 1/24*s**4 + 2*s - 1/3*s**3 + 81*s**2 + 0. Give w(7).
5
Suppose -4*c + 325 + 743 = 0. Let p = -266 + c. Let h(u) = 5*u**3 + u - 1. Give h(p).
5
Let h be (13/39)/((-1)/(-12)). Suppose z - 6 = -h. Let n(r) = 2*r - z*r + 4*r**2 + 3*r - 2*r. Determine n(1).
5
Let o(g) = g**3 - 4*g**2 + 2*g - 3. Suppose n + 2*n = a + 22, -2*a = 5*n. Let j(t) be the first derivative of t**2 + 23*t - 822. Let h be j(a). What is o(h)?
-6
Let w(n) = -3*n. Suppose -34*y = -14*y - 40. Let f(h) = h**2 + 5*h - 10. Let u be f(-7). Suppose 2*m = -2*p + 4, -4*p = -y*m + u - 18. What is w(p)?
-9
Let o(r) = r**2 + 12*r - 16. Let t = 5020 + -5027. What is o(t)?
-51
Let j(s) be the third derivative of s**6/120 - s**5/60 - s**4/12 + s**3/2 + 2*s**2 - 42*s - 2. What is j(-3)?
-27
Let i(d) = -2*d**3 + 14*d**2 + 9*d + 4. Let k be i(7). Let l(w) = -30*w + 2 - 34*w + k*w. What is l(-2)?
-4
Let z = -13 + 18. Let g(q) be the second derivative of 5*q**3/6 + q**2/2 + 19*q - 1. Determine g(z).
26
Let c(s) = -s**2 - 3*s + 1. Let z(q) = 2*q**2 + 49*q + 119. Let w be z(-21). Let x be 21 + w - 2*-2. Determine c(x).
1
Let j(p) be the second derivative of 2*p**2 + 0 + 1/12*p**4 + 15*p + 1/2*p**3. Give j(-3).
4
Let s(z) = -7*z - 13. Let l(y) = 8*y + 13. Let w(q) = 2*l(q) + 3*s(q). Give w(6).
-43
Let a(b) = -3*b**2 - 74*b + 79. Let o(g) = 7*g**2 + 162*g - 159. Let y(q) = -9*a(q) - 4*o(q). Calculate y(5).
-10
Let v(y) be the second derivative of -3*y**3/2 + 47*y**2/2 + 3*y + 257. What is v(5)?
2
Let h be 4/(-3)*(-12)/(-8). Let n be (-8 + 12)*h/(3 + -1). Let l(u) = -1 - 4 - 3*u - u + 3*u. What is l(n)?
-1
Let a(t) be the third derivative of 1/120*t**6 - 5/24*t**4 + 0 - 1/15*t**5 + 0*t - t**2 - 7/6*t**3. Let o = -9433 + 9438. Give a(o).
-7
Let w(n) = -157*n + 46. Let f(m) = 32*m - 3. Let v(a) = -5*f(a) - w(a). Calculate v(-15).
14
Let n(d) = 2*d. Let o(w) = -2 - 2*w**2 + 3*w**2 + 4*w**3 - 1131*w + 1128*w. Let u be o(-1). What is n(u)?
-4
Let i = 121 + -109. Let m(x) = -10*x + 5 + 7 - x**2 - i. What is m(-10)?
0
Let l(g) = -15*g**2 - 60*g**2 + 96*g**2 + g**3 - 13*g**2 + 18*g + 3. What is l(-5)?
-12
Suppose -442*v + 24 = -438*v. Let u(h) = h**3 - 3*h**2 - h - 6. Let y(q) = -2*q**3 + 7*q**2 + 2*q + 11. Let l(c) = -5*u(c) - 3*y(c). Determine l(v).
-9
Let p(g) = 2*g**2 + 3*g**2 + 2*g**2 + g + g + 1. Let i(z) = -z**2 + 4*z + 13. Let h be i(6). Let c be (h - (4 - 0)) + (1 - -1). Calculate p(c).
6
Let a be 5 + (-3 - 0) + 10*11/(-22). Let w(i) = 0*i + 2*i**2 + i - 4*i + 2. Calculate w(a).
29
Suppose -15*k = -72 + 27. Let s(h) = 6*h - 10. Give s(k).
8
Let o(y) = -2*y**2 - 11*y - 12. Let j be (-1 + (-6)/(-9))*(4 + 5). Give o(j).
3
Suppose 317*y + 270 = 1855. Let h(s) be the second derivative of s**6/180 - s**5/24 - s**4/12 + s. Let u(r) be the third derivative of h(r). Calculate u(y).
15
Let d(g) be the third derivative of g**6/120 - g**5/30 + g**4/12 - g**3/6 - 3182*g**